3, 117532267
What are the prime factors of 18572131?
31, 137, 4373
What are the prime factors of 1658394297?
3, 7, 157, 55889
What are the prime factors of 659825251?
659825251
What are the prime factors of 5150677703?
1609, 3201167
What are the prime factors of 884351904?
2, 3, 9211999
What are the prime factors of 23572663?
37, 41, 379
What are the prime factors of 4352760205?
5, 7759, 112199
List the prime factors of 2401961663.
2401961663
What are the prime factors of 1957456253?
307, 6376079
What are the prime factors of 23423662?
2, 31, 377801
What are the prime factors of 6952887?
3, 137, 5639
What are the prime factors of 266503012?
2, 66625753
List the prime factors of 14850411.
3, 4950137
List the prime factors of 104897193.
3, 223, 156797
What are the prime factors of 6909217287?
3, 7, 31, 1201, 8837
List the prime factors of 130317562.
2, 1721, 37861
List the prime factors of 694161761.
61, 11379701
List the prime factors of 81125920.
2, 5, 137, 3701
List the prime factors of 6024029276.
2, 1506007319
List the prime factors of 5457352.
2, 37, 103, 179
What are the prime factors of 742303211?
13, 57100247
What are the prime factors of 25591221?
3, 193, 1637
What are the prime factors of 2694524735?
5, 7, 17, 487, 547
List the prime factors of 56599607.
2399, 23593
What are the prime factors of 28078284?
2, 3, 13, 179989
What are the prime factors of 137344088?
2, 7, 17, 89, 1621
List the prime factors of 84589639.
3889, 21751
List the prime factors of 354603655.
5, 7, 53, 191161
What are the prime factors of 454738218?
2, 3, 11, 1279, 5387
What are the prime factors of 1442764520?
2, 5, 36069113
List the prime factors of 499740527.
11, 13, 19, 23, 727
What are the prime factors of 3841148549?
7, 2801, 195907
List the prime factors of 123543080.
2, 5, 17, 97, 1873
What are the prime factors of 890508101?
7, 89, 1429387
List the prime factors of 29865078.
2, 3, 553057
List the prime factors of 20046346.
2, 47, 167, 1277
List the prime factors of 109044215.
5, 7, 41, 75989
What are the prime factors of 163311258?
2, 3, 11, 2474413
List the prime factors of 6520667202.
2, 3, 7, 51751327
What are the prime factors of 1012673728?
2, 11, 1438457
List the prime factors of 108793552.
2, 7, 971371
What are the prime factors of 5654451406?
2, 179, 3539, 4463
List the prime factors of 241552354.
2, 17, 37, 192013
List the prime factors of 57147118.
2, 7, 61, 1097
List the prime factors of 6416529954.
2, 3, 139, 7693681
List the prime factors of 11133154.
2, 31, 79, 2273
What are the prime factors of 2025693046?
2, 13, 77911271
List the prime factors of 119043169.
7, 17006167
List the prime factors of 1143400547.
1143400547
List the prime factors of 1147596935.
5, 107, 743, 2887
What are the prime factors of 178666793?
727, 245759
List the prime factors of 1697396601.
3, 379, 1492873
What are the prime factors of 39089188?
2, 17, 631, 911
List the prime factors of 1878816750.
2, 3, 5, 607, 4127
What are the prime factors of 91451557?
127, 720091
List the prime factors of 7004069462.
2, 13, 17, 53, 109, 211
What are the prime factors of 30283982?
2, 37, 97, 4219
What are the prime factors of 42160097?
7, 1667, 3613
What are the prime factors of 1039713049?
1039713049
What are the prime factors of 84248284?
2, 21062071
List the prime factors of 257682865.
5, 11, 461, 10163
What are the prime factors of 3665922813?
3, 7, 19396417
List the prime factors of 102798702.
2, 3, 19, 300581
List the prime factors of 363906012.
2, 3, 17, 19, 93887
What are the prime factors of 328941637?
6343, 51859
What are the prime factors of 62955184?
2, 47, 83717
List the prime factors of 1150889427.
3, 127876603
List the prime factors of 6684929780.
2, 5, 29, 139, 283, 293
What are the prime factors of 62659853?
19, 173573
What are the prime factors of 200379100?
2, 5, 157, 12763
What are the prime factors of 536742514?
2, 7, 11, 19, 183439
List the prime factors of 43422434.
2, 11, 1973747
What are the prime factors of 226043511?
3, 75347837
What are the prime factors of 3143667098?
2, 11, 13, 17, 47, 13757
List the prime factors of 206481046.
2, 103240523
List the prime factors of 6201738391.
311, 19941281
List the prime factors of 219934815.
3, 5, 79, 185599
List the prime factors of 1296431722.
2, 648215861
List the prime factors of 2694544474.
2, 1347272237
List the prime factors of 26704814.
2, 1567, 8521
What are the prime factors of 125278279?
7, 79, 101, 2243
What are the prime factors of 5130824877?
3, 63343517
List the prime factors of 47694145.
5, 9538829
List the prime factors of 680204925.
3, 5, 1007711
List the prime factors of 147484908.
2, 3, 311, 4391
List the prime factors of 254647436.
2, 67, 950177
List the prime factors of 58349570.
2, 5, 19, 307103
List the prime factors of 7394842.
2, 7, 13, 41, 991
What are the prime factors of 295826174?
2, 7, 37, 571093
List the prime factors of 312749761.
113, 2767697
What are the prime factors of 236370715?
5, 7, 71, 73, 1303
List the prime factors of 34058903.
109, 193, 1619
List the prime factors of 147136481.
147136481
List the prime factors of 52233304.
2, 43, 151841
What are the prime factors of 6945343?
677, 10259
List the prime factors of 4327753713.
3, 67, 83, 259411
What are the prime factors of 301458293?
301458293
List the prime factors of 1554505010.
2, 5, 953, 163117
What are the prime factors of 2283147827?
1409, 1620403
List the prime factors of 216641893.
13, 16664761
What are the prime factors of 90552288?
2, 3, 23, 41011
List the prime factors of 653297277.
3, 109, 1997851
List the prime factors of 1021053764.
2, 59, 4326499
List the prime factors of 38548144.
2, 2409259
List the prime factors of 1116667023.
3, 7433, 50077
List the prime factors of 65725831.
65725831
What are the prime factors of 28403550?
2, 3, 5, 7, 71, 127
What are the prime factors of 212540262?
2, 3, 11, 3220307
List the prime factors of 376243342.
2, 31, 71, 127, 673
What are the prime factors of 49246589?
7, 7035227
List the prime factors of 145902678.
2, 3, 31, 784423
What are the prime factors of 5416029?
3, 157, 3833
What are the prime factors of 55829968?
2, 3489373
List the prime factors of 80588734.
2, 23, 1751929
List the prime factors of 1236378617.
353, 3502489
What are the prime factors of 104392499?
47, 67, 33151
List the prime factors of 445536175.
5, 7, 443, 821
What are the prime factors of 169310832?
2, 3, 53, 66553
List the prime factors of 3692426544.
2, 3, 37, 41, 16903
What are the prime factors of 234705068?
2, 13, 59, 113, 677
List the prime factors of 3756769833.
3, 89, 14070299
List the prime factors of 67572748.
2, 16893187
List the prime factors of 368337427.
368337427
List the prime factors of 178964386.
2, 1151, 77743
What are the prime factors of 989145185?
5, 7, 28261291
What are the prime factors of 2725746496?
2, 11, 1933, 2003
List the prime factors of 7224358.
2, 3612179
List the prime factors of 1604257216.
2, 2113, 11863
List the prime factors of 1227201480.
2, 3, 5, 67, 83, 613
List the prime factors of 93909906.
2, 3, 433, 12049
List the prime factors of 4607155518.
2, 3, 7, 15670597
What are the prime factors of 2061153405?
3, 5, 15267803
List the prime factors of 454890802.
2, 37, 991, 6203
What are the prime factors of 3906907?
3906907
List the prime factors of 1649239760.
2, 5, 7, 41, 109, 659
What are the prime factors of 30486412?
2, 11, 19, 36467
What are the prime factors of 660362116?
2, 977, 168977
What are the prime factors of 275041119?
3, 91680373
What are the prime factors of 2591483537?
43, 60267059
What are the prime factors of 1298494961?
14699, 88339
What are the prime factors of 186768289?
181, 1031869
What are the prime factors of 49719258?
2, 3, 421
What are the prime factors of 559954456?
2, 69994307
List the prime factors of 371148314.
2, 157, 331, 3571
What are the prime factors of 1015712471?
7019, 144709
List the prime factors of 5273592564.
2, 3, 439466047
List the prime factors of 11546440.
2, 5, 288661
List the prime factors of 1762983468.
2, 3, 347, 5227
List the prime factors of 6570316857.
3, 13, 557, 302459
List the prime factors of 243839409.
3, 11, 839, 8807
What are the prime factors of 1291840111?
103, 12542137
List the prime factors of 